{"id":463,"date":"2023-10-02T21:51:32","date_gmt":"2023-10-02T19:51:32","guid":{"rendered":"http:\/\/marrom.pl\/?page_id=463"},"modified":"2024-03-20T12:22:42","modified_gmt":"2024-03-20T11:22:42","slug":"biogazownia","status":"publish","type":"page","link":"https:\/\/marrom.pl\/index.php\/biogazownia\/","title":{"rendered":"Biogazownia"},"content":{"rendered":"\t\t<div data-elementor-type=\"wp-page\" data-elementor-id=\"463\" class=\"elementor elementor-463\">\n\t\t\t\t\t\t<div class=\"elementor-inner\">\n\t\t\t\t<div class=\"elementor-section-wrap\">\n\t\t\t\t\t\t\t\t\t<section class=\"elementor-section elementor-top-section elementor-element elementor-element-8418372 elementor-section-boxed elementor-section-height-default elementor-section-height-default\" data-id=\"8418372\" data-element_type=\"section\">\n\t\t\t\t\t\t<div class=\"elementor-container elementor-column-gap-default\">\n\t\t\t\t\t\t\t<div class=\"elementor-row\">\n\t\t\t\t\t<div class=\"elementor-column elementor-col-100 elementor-top-column elementor-element elementor-element-0903e91\" data-id=\"0903e91\" data-element_type=\"column\">\n\t\t\t<div class=\"elementor-column-wrap elementor-element-populated\">\n\t\t\t\t\t\t\t<div class=\"elementor-widget-wrap\">\n\t\t\t\t\t\t<div class=\"elementor-element elementor-element-17caecc elementor-widget elementor-widget-text-editor\" data-id=\"17caecc\" data-element_type=\"widget\" data-widget_type=\"text-editor.default\">\n\t\t\t\t<div class=\"elementor-widget-container\">\n\t\t\t\t\t\t\t\t<div class=\"elementor-text-editor elementor-clearfix\">\n\t\t\t\t<p align=\"center\" style=\"font-variant-numeric: normal; font-variant-east-asian: normal; font-variant-alternates: normal; font-variant-position: normal; margin-bottom: 0cm;\">\n<font color=\"#000000\"><font face=\"Lato\"><font style=\"font-size: 24pt\"><b>Biogazownia\nRolnicza o mocy do 499kW<\/b><\/font><\/font><\/font><\/p><p align=\"left\" style=\"margin-bottom: 0cm;\"><br>\n\n<\/p><p align=\"left\" style=\"margin-bottom: 0cm;\">Projekt\npolega\u0142 na budowie biogazowni wraz z agregatem ko-generacyjnym oraz\nsuszarni\u0105 profermentu. Biogazowania jest obiektem produkuj\u0105cym\nenergi\u0119 elektryczn\u0105 oraz naw\u00f3z ekologiczny poprzez proces\nfermentacji beztlenowej w oparciu na r\u00f3\u017cnych substratach. W\nprocesie zagospodarowane s\u0105 odpady produkcji rolniczej, kt\u00f3re bez\nprzetworzenia znajduj\u0105 ograniczone zastosowanie i nie s\u0105 nale\u017cycie\nwykorzystane, oraz substraty pochodzenia ro\u015blinnego m.in. kiszonka z\ntrawy, kukurydza, wys\u0142odki buraczane oraz wyt\u0142oki jab\u0142kowe jak i\nr\u00f3wnie\u017c z pochodzenia zwierz\u0119cego m.in. gnojowica i obornik. W\nprzedmiotowym procesie technologicznym substraty pochodzenia\norganicznego zasilaj\u0105 biogazowni\u0119 bez emisji szkodliwych\nsubstancji.<\/p><p align=\"left\" style=\"margin-bottom: 0cm;\"><br>\n\n<\/p><p align=\"left\" style=\"margin-bottom: 0cm;\">Biogaz(metan)\nstworzony podczas fermentacji b\u0119dzie s\u0142u\u017cy\u0142 do produkcji energii\nelektrycznej i cieplnej w kogeneracji. Wyprodukowany pr\u0105d zostanie\nwykorzystany na potrzeby funkcjonowania Biogazowni oraz nadwy\u017cki\nb\u0119d\u0105 sprzedawana do Zak\u0142adu Energetycznego i odprowadzone do sieci\nenergetycznej. Za\u015b wyprodukowane w procesie technologicznym ciep\u0142o\nzostanie wykorzystane w hali suszarni biomasy, oraz do ogrzewania\nzbiornik\u00f3w i procesu fermentacji.<\/p><p align=\"left\" style=\"margin-bottom: 0cm;\"><br>\n\n<\/p><p align=\"left\" style=\"margin-bottom: 0cm;\">Pozosta\u0142o\u015bci\nz procesu produkcyjnego, gromadzone w zamkni\u0119tym zbiorniku na\nterenie zak\u0142adu, b\u0119d\u0105 wykorzystywane jako naw\u00f3z ekologiczny na\npolach.<\/p><p align=\"left\" style=\"margin-bottom: 0cm;\"><br>\n\n<\/p><p align=\"left\" style=\"margin-bottom: 0cm;\"><br>\n\n<\/p><p align=\"left\" style=\"margin-bottom: 0cm;\"><br>\n\n<\/p><p align=\"left\" style=\"margin-bottom: 0cm;\">Cele\nprojektu to:<\/p><p align=\"left\" style=\"margin-bottom: 0cm;\">1.\tZagospodarowanie\nodpad\u00f3w rolniczych.<\/p><ol start=\"2\">\n\t<p align=\"left\" style=\"margin-bottom: 0cm;\">2.\tWyprodukowanie\n\twarto\u015bciowego, organicznego oraz suchego nawozu.<\/p>\n\t<p align=\"left\" style=\"margin-bottom: 0cm;\">3.\tWytworzenie\n\tczystej energii elektryczna i cieplnej.<\/p>\n\t<p align=\"left\" style=\"margin-bottom: 0cm;\">4.\t\n\tZasilenie zasob\u00f3w energii sieciowej za pomoc\u0105 nadwy\u017cki energii\n\telektrycznej wytworzonej z OZE.<\/p>\n\t<p align=\"left\" style=\"margin-bottom: 0cm;\">5.\tWzro\u015bni\u0119cie\n\top\u0142acalno\u015bci produkcji rolniczej w najbli\u017cszym otoczeniu\n\tprzedsi\u0119wzi\u0119cia.<\/p>\n\t<p align=\"left\" style=\"margin-bottom: 0cm;\">6.\tZmniejszenie\n\temisji Co2.<\/p>\n\t<p align=\"left\" style=\"margin-bottom: 0cm;\">7.\tZachowanie,\n\tochrona i poprawa jako\u015bci \u015brodowiska naturalnego.<\/p>\n\t<p align=\"left\" style=\"margin-bottom: 0cm;\">8.\tOchrona\n\tzdrowia cz\u0142owieka.<\/p>\n<\/ol><p align=\"left\" style=\"margin-bottom: 0cm;\"><br>\n\n<\/p><p align=\"left\" style=\"margin-bottom: 0cm;\">W\nefekcie realizacji przedsi\u0119wzi\u0119cia rocznie wyprodukowane b\u0119dzie 3\n992 MWh czystej energii elektrycznej oraz 4 632 MWh czystej energii\ncieplnej. \n<\/p><p align=\"left\" style=\"margin-bottom: 0cm;\">Projekt\nwywo\u0142a efekt w postaci redukcji rocznej emisji CO2 o 5 667.92 ton a\nzastosowanie procesu skojarzonego wytwarzania energii przyniesie\nzmniejszenie rocznego zu\u017cycia energii pierwotnej o 9056.08 GJ.<\/p><p align=\"left\" style=\"margin-bottom: 0cm;\"><br>\n\n<\/p><p>\n\n\n\n\n\n\n\n\n\n\n\n\n\n\n\n\n<\/p><p align=\"left\" style=\"margin-bottom: 0cm;\"><span style=\"background: transparent\">Warto\u015b\u0107\nca\u0142o\u015bci projektu to 16,300,000PLN w tym wk\u0142ad z POli\u015a 45.85% i\nNFO\u015aiGW 54,17%.<\/span><\/p>\t\t\t\t\t<\/div>\n\t\t\t\t\t\t<\/div>\n\t\t\t\t<\/div>\n\t\t\t\t\t\t<\/div>\n\t\t\t\t\t<\/div>\n\t\t<\/div>\n\t\t\t\t\t\t\t\t<\/div>\n\t\t\t\t\t<\/div>\n\t\t<\/section>\n\t\t\t\t\t\t\t\t\t<\/div>\n\t\t\t<\/div>\n\t\t\t\t\t<\/div>\n\t\t","protected":false},"excerpt":{"rendered":"<p>Biogazownia Rolnicza o mocy do 499kW Projekt polega\u0142 na budowie biogazowni wraz z agregatem ko-generacyjnym oraz suszarni\u0105 profermentu. Biogazowania jest obiektem produkuj\u0105cym energi\u0119 elektryczn\u0105 oraz naw\u00f3z ekologiczny poprzez proces fermentacji&nbsp;[ &hellip; ]<\/p>\n","protected":false},"author":4,"featured_media":0,"parent":0,"menu_order":0,"comment_status":"closed","ping_status":"closed","template":"page-templates\/template_fullwidth.php","meta":[],"_links":{"self":[{"href":"https:\/\/marrom.pl\/index.php\/wp-json\/wp\/v2\/pages\/463"}],"collection":[{"href":"https:\/\/marrom.pl\/index.php\/wp-json\/wp\/v2\/pages"}],"about":[{"href":"https:\/\/marrom.pl\/index.php\/wp-json\/wp\/v2\/types\/page"}],"author":[{"embeddable":true,"href":"https:\/\/marrom.pl\/index.php\/wp-json\/wp\/v2\/users\/4"}],"replies":[{"embeddable":true,"href":"https:\/\/marrom.pl\/index.php\/wp-json\/wp\/v2\/comments?post=463"}],"version-history":[{"count":11,"href":"https:\/\/marrom.pl\/index.php\/wp-json\/wp\/v2\/pages\/463\/revisions"}],"predecessor-version":[{"id":557,"href":"https:\/\/marrom.pl\/index.php\/wp-json\/wp\/v2\/pages\/463\/revisions\/557"}],"wp:attachment":[{"href":"https:\/\/marrom.pl\/index.php\/wp-json\/wp\/v2\/media?parent=463"}],"curies":[{"name":"wp","href":"https:\/\/api.w.org\/{rel}","templated":true}]}}