{"id":36,"date":"2019-08-27T21:16:19","date_gmt":"2019-08-27T19:16:19","guid":{"rendered":"http:\/\/marrom.pl\/?page_id=36"},"modified":"2023-11-14T16:46:53","modified_gmt":"2023-11-14T15:46:53","slug":"sklad-podatkowy","status":"publish","type":"page","link":"https:\/\/marrom.pl\/index.php\/sklad-podatkowy\/","title":{"rendered":"Sk\u0142ad podatkowy"},"content":{"rendered":"\t\t<div data-elementor-type=\"wp-page\" data-elementor-id=\"36\" class=\"elementor elementor-36\">\n\t\t\t\t\t\t<div class=\"elementor-inner\">\n\t\t\t\t<div class=\"elementor-section-wrap\">\n\t\t\t\t\t\t\t\t\t<section class=\"elementor-section elementor-top-section elementor-element elementor-element-98d763a elementor-section-boxed elementor-section-height-default elementor-section-height-default\" data-id=\"98d763a\" data-element_type=\"section\">\n\t\t\t\t\t\t<div class=\"elementor-container elementor-column-gap-default\">\n\t\t\t\t\t\t\t<div class=\"elementor-row\">\n\t\t\t\t\t<div class=\"elementor-column elementor-col-100 elementor-top-column elementor-element elementor-element-a76829b\" data-id=\"a76829b\" data-element_type=\"column\">\n\t\t\t<div class=\"elementor-column-wrap elementor-element-populated\">\n\t\t\t\t\t\t\t<div class=\"elementor-widget-wrap\">\n\t\t\t\t\t\t<div class=\"elementor-element elementor-element-a1dd153 elementor-widget elementor-widget-text-editor\" data-id=\"a1dd153\" data-element_type=\"widget\" data-widget_type=\"text-editor.default\">\n\t\t\t\t<div class=\"elementor-widget-container\">\n\t\t\t\t\t\t\t\t<div class=\"elementor-text-editor elementor-clearfix\">\n\t\t\t\t<p>Nasza firma posiada sk\u0142ad podatkowy, kt\u00f3ry znajduje si\u0119 w Radomiu, przy ulicy Tokarskiej 3.<\/p><p>2 zbiorniki gazowe o pojemno\u015bci 50 m3 ka\u017cdy s\u0105 zakopcowane.<\/p>\t\t\t\t\t<\/div>\n\t\t\t\t\t\t<\/div>\n\t\t\t\t<\/div>\n\t\t\t\t\t\t<\/div>\n\t\t\t\t\t<\/div>\n\t\t<\/div>\n\t\t\t\t\t\t\t\t<\/div>\n\t\t\t\t\t<\/div>\n\t\t<\/section>\n\t\t\t\t\t\t\t\t\t<\/div>\n\t\t\t<\/div>\n\t\t\t\t\t<\/div>\n\t\t","protected":false},"excerpt":{"rendered":"<p>Nasza firma posiada sk\u0142ad podatkowy, kt\u00f3ry znajduje si\u0119 w Radomiu, przy ulicy Tokarskiej 3. 2 zbiorniki gazowe o pojemno\u015bci 50 m3 ka\u017cdy s\u0105 zakopcowane.<\/p>\n","protected":false},"author":1,"featured_media":0,"parent":0,"menu_order":0,"comment_status":"closed","ping_status":"closed","template":"","meta":[],"_links":{"self":[{"href":"https:\/\/marrom.pl\/index.php\/wp-json\/wp\/v2\/pages\/36"}],"collection":[{"href":"https:\/\/marrom.pl\/index.php\/wp-json\/wp\/v2\/pages"}],"about":[{"href":"https:\/\/marrom.pl\/index.php\/wp-json\/wp\/v2\/types\/page"}],"author":[{"embeddable":true,"href":"https:\/\/marrom.pl\/index.php\/wp-json\/wp\/v2\/users\/1"}],"replies":[{"embeddable":true,"href":"https:\/\/marrom.pl\/index.php\/wp-json\/wp\/v2\/comments?post=36"}],"version-history":[{"count":17,"href":"https:\/\/marrom.pl\/index.php\/wp-json\/wp\/v2\/pages\/36\/revisions"}],"predecessor-version":[{"id":492,"href":"https:\/\/marrom.pl\/index.php\/wp-json\/wp\/v2\/pages\/36\/revisions\/492"}],"wp:attachment":[{"href":"https:\/\/marrom.pl\/index.php\/wp-json\/wp\/v2\/media?parent=36"}],"curies":[{"name":"wp","href":"https:\/\/api.w.org\/{rel}","templated":true}]}}