{"id":26,"date":"2019-08-27T21:14:43","date_gmt":"2019-08-27T19:14:43","guid":{"rendered":"http:\/\/marrom.pl\/?page_id=26"},"modified":"2022-01-04T10:28:47","modified_gmt":"2022-01-04T09:28:47","slug":"instalacje-przydomowe-i-przemyslowe","status":"publish","type":"page","link":"https:\/\/marrom.pl\/index.php\/instalacje-przydomowe-i-przemyslowe\/","title":{"rendered":"Gaz do cel\u00f3w grzewczych"},"content":{"rendered":"\t\t<div data-elementor-type=\"wp-page\" data-elementor-id=\"26\" class=\"elementor elementor-26\">\n\t\t\t\t\t\t<div class=\"elementor-inner\">\n\t\t\t\t<div class=\"elementor-section-wrap\">\n\t\t\t\t\t\t\t\t\t<section class=\"elementor-section elementor-top-section elementor-element elementor-element-95762d9 elementor-section-boxed elementor-section-height-default elementor-section-height-default\" data-id=\"95762d9\" data-element_type=\"section\">\n\t\t\t\t\t\t<div class=\"elementor-container elementor-column-gap-default\">\n\t\t\t\t\t\t\t<div class=\"elementor-row\">\n\t\t\t\t\t<div class=\"elementor-column elementor-col-100 elementor-top-column elementor-element elementor-element-b2c7b4d\" data-id=\"b2c7b4d\" data-element_type=\"column\">\n\t\t\t<div class=\"elementor-column-wrap elementor-element-populated\">\n\t\t\t\t\t\t\t<div class=\"elementor-widget-wrap\">\n\t\t\t\t\t\t<div class=\"elementor-element elementor-element-fa5c95b elementor-widget elementor-widget-text-editor\" data-id=\"fa5c95b\" data-element_type=\"widget\" data-widget_type=\"text-editor.default\">\n\t\t\t\t<div class=\"elementor-widget-container\">\n\t\t\t\t\t\t\t\t<div class=\"elementor-text-editor elementor-clearfix\">\n\t\t\t\t<p><span style=\"font-family: Times New Roman, serif;\">Firma Mar-Rom oferuje dostawy gazu propan i propan \u2013 butan do cel\u00f3w grzewczych i technologicznych. Realizujemy dostawy do klient\u00f3w indywidualnych, przedsi\u0119biorstw oraz instytucji publicznych.<\/span><\/p><p><span style=\"font-family: Times New Roman, serif;\">Dostawy gazu s\u0105 realizowane za pomoc\u0105 w\u0142asnego parku cystern przystosowanych do przewozu gazu p\u0142ynnego. Dostawy odbywaj\u0105 si\u0119 wed\u0142ug ustalonego harmonogramu, w <\/span><span style=\"font-family: Times New Roman, serif;\">zwi\u0105zku z czym <\/span><span style=\"font-family: Times New Roman, serif;\"> zapewniamy terminowo\u015b\u0107 i atrakcyjn\u0105 ofert\u0119 cenow\u0105. <\/span><\/p><p><span style=\"font-family: Times New Roman, serif;\">Gaz, kt\u00f3ry Pa\u0144stwu oferujemy zawsze spe\u0142nia najwy\u017csze wymagania potwierdzone \u015bwiadectwem jako\u015bci. Wysoka jako\u015b\u0107 gazu przek\u0142ada si\u0119 na jego w\u0142a\u015bciwo\u015bci grzewcze i bezpiecze\u0144stwo stosowania w instalacjach gazowych. <\/span><\/p><p><span style=\"font-family: Times New Roman, serif;\">W<\/span><span style=\"font-family: Times New Roman, serif;\">\u00a0zwi\u0105zku z\u00a0utworzeniem Centralnego Rejestru Podmiot\u00f3w Akcyzowych (rejestr podmiot\u00f3w, o\u00a0kt\u00f3rych\u00a0mowa w\u00a0art. 16 ust. 1 i\u00a01a ustawy o\u00a0podatku akcyzowym Dz.U.2020.722 z\u00a0dnia <\/span><span style=\"font-family: Times New Roman, serif;\">23.04.2020<\/span><span style=\"font-family: Times New Roman, serif;\"> z\u00a0p\u00f3\u017an. zm.), zmieni\u0142y si\u0119 zasady rejestracji podmiot\u00f3w akcyzowych, <\/span><span style=\"font-family: Times New Roman, serif;\">wobec czego s\u0142u\u017cymy pomoc\u0105 oraz informacj\u0105 przy zg\u0142aszaniu rejestracyjnym.<\/span><\/p><p>Zam\u00f3wienia mo\u017cna sk\u0142ada\u0107 w nast\u0119puj\u0105cy spos\u00f3b:<\/p><ol><li>Telefonicznie pod nr 536915915<\/li><li>Poprzez <a href=\"http:\/\/marrom.pl\/index.php\/formularz-kontaktowy-dostawy-gazow-do-celow-grzewczych-i-technologicznych\/\">formularz kontaktowy<\/a><\/li><\/ol>\t\t\t\t\t<\/div>\n\t\t\t\t\t\t<\/div>\n\t\t\t\t<\/div>\n\t\t\t\t\t\t<\/div>\n\t\t\t\t\t<\/div>\n\t\t<\/div>\n\t\t\t\t\t\t\t\t<\/div>\n\t\t\t\t\t<\/div>\n\t\t<\/section>\n\t\t\t\t\t\t\t\t\t<\/div>\n\t\t\t<\/div>\n\t\t\t\t\t<\/div>\n\t\t","protected":false},"excerpt":{"rendered":"<p>Firma Mar-Rom oferuje dostawy gazu propan i propan \u2013 butan do cel\u00f3w grzewczych i technologicznych. Realizujemy dostawy do klient\u00f3w indywidualnych, przedsi\u0119biorstw oraz instytucji publicznych. Dostawy gazu s\u0105 realizowane za pomoc\u0105&nbsp;[ &hellip; ]<\/p>\n","protected":false},"author":1,"featured_media":0,"parent":0,"menu_order":0,"comment_status":"closed","ping_status":"closed","template":"page-templates\/template_fullwidth.php","meta":[],"_links":{"self":[{"href":"https:\/\/marrom.pl\/index.php\/wp-json\/wp\/v2\/pages\/26"}],"collection":[{"href":"https:\/\/marrom.pl\/index.php\/wp-json\/wp\/v2\/pages"}],"about":[{"href":"https:\/\/marrom.pl\/index.php\/wp-json\/wp\/v2\/types\/page"}],"author":[{"embeddable":true,"href":"https:\/\/marrom.pl\/index.php\/wp-json\/wp\/v2\/users\/1"}],"replies":[{"embeddable":true,"href":"https:\/\/marrom.pl\/index.php\/wp-json\/wp\/v2\/comments?post=26"}],"version-history":[{"count":13,"href":"https:\/\/marrom.pl\/index.php\/wp-json\/wp\/v2\/pages\/26\/revisions"}],"predecessor-version":[{"id":348,"href":"https:\/\/marrom.pl\/index.php\/wp-json\/wp\/v2\/pages\/26\/revisions\/348"}],"wp:attachment":[{"href":"https:\/\/marrom.pl\/index.php\/wp-json\/wp\/v2\/media?parent=26"}],"curies":[{"name":"wp","href":"https:\/\/api.w.org\/{rel}","templated":true}]}}