{"id":24,"date":"2019-08-27T21:14:19","date_gmt":"2019-08-27T19:14:19","guid":{"rendered":"http:\/\/marrom.pl\/?page_id=24"},"modified":"2020-10-01T07:54:04","modified_gmt":"2020-10-01T05:54:04","slug":"stacje-lpg","status":"publish","type":"page","link":"https:\/\/marrom.pl\/index.php\/stacje-lpg\/","title":{"rendered":"Stacje LPG"},"content":{"rendered":"\t\t<div data-elementor-type=\"wp-page\" data-elementor-id=\"24\" class=\"elementor elementor-24\">\n\t\t\t\t\t\t<div class=\"elementor-inner\">\n\t\t\t\t<div class=\"elementor-section-wrap\">\n\t\t\t\t\t\t\t\t\t<section class=\"elementor-section elementor-top-section elementor-element elementor-element-3b46aa7e elementor-section-boxed elementor-section-height-default elementor-section-height-default\" data-id=\"3b46aa7e\" data-element_type=\"section\">\n\t\t\t\t\t\t<div class=\"elementor-container elementor-column-gap-default\">\n\t\t\t\t\t\t\t<div class=\"elementor-row\">\n\t\t\t\t\t<div class=\"elementor-column elementor-col-100 elementor-top-column elementor-element elementor-element-51120b95\" data-id=\"51120b95\" data-element_type=\"column\">\n\t\t\t<div class=\"elementor-column-wrap elementor-element-populated\">\n\t\t\t\t\t\t\t<div class=\"elementor-widget-wrap\">\n\t\t\t\t\t\t<div class=\"elementor-element elementor-element-43ee6e9b elementor-widget elementor-widget-text-editor\" data-id=\"43ee6e9b\" data-element_type=\"widget\" data-widget_type=\"text-editor.default\">\n\t\t\t\t<div class=\"elementor-widget-container\">\n\t\t\t\t\t\t\t\t<div class=\"elementor-text-editor elementor-clearfix\">\n\t\t\t\t<header class=\"entry-header\"><p class=\"entry-title\"><span style=\"font-size: 16px;\">Gaz LPG \u2013 produkt wysokiej jako\u015bci, spe\u0142niaj\u0105cy wymagania normy EN-589 pochodz\u0105cy tylko ze sprawdzonych i wiarygodnych firm (\u015bwiadectwo jako\u015bci przy dostawie produktu). Dostawy\/ odbiory w procedurze zawieszonego poboru akcyzy, z akcyz\u0105. Wszystkie dostawy gazu realizujemy w ci\u0105gu 48 godzin.<\/span><\/p><\/header><div class=\"entry-content\"><figure class=\"wp-block-image\"><img class=\"wp-image-13\" src=\"http:\/\/marrom.pl\/MARROM_WP\/wp-content\/uploads\/2019\/08\/81404_206b76bc7e2cd771c64d0523dae625c09c659007.jpg\" sizes=\"(max-width: 800px) 100vw, 800px\" srcset=\"http:\/\/marrom.pl\/MARROM_WP\/wp-content\/uploads\/2019\/08\/81404_206b76bc7e2cd771c64d0523dae625c09c659007.jpg 800w, http:\/\/marrom.pl\/MARROM_WP\/wp-content\/uploads\/2019\/08\/81404_206b76bc7e2cd771c64d0523dae625c09c659007-300x200.jpg 300w, http:\/\/marrom.pl\/MARROM_WP\/wp-content\/uploads\/2019\/08\/81404_206b76bc7e2cd771c64d0523dae625c09c659007-768x512.jpg 768w, http:\/\/marrom.pl\/MARROM_WP\/wp-content\/uploads\/2019\/08\/81404_206b76bc7e2cd771c64d0523dae625c09c659007-150x100.jpg 150w, http:\/\/marrom.pl\/MARROM_WP\/wp-content\/uploads\/2019\/08\/81404_206b76bc7e2cd771c64d0523dae625c09c659007-225x150.jpg 225w\" alt=\"\" \/><\/figure><p><strong>Gwarantujemy:<\/strong><\/p><ul><li>konkurencyjne ceny<\/li><li>najwy\u017csz\u0105 jako\u015b\u0107 gazu<\/li><li>terminowo\u015b\u0107, pewno\u015b\u0107 i bezpiecze\u0144stwo dostaw<\/li><li>profesjonaln\u0105 obs\u0142ug\u0119<\/li><\/ul><p>Skorzystaj z\u00a0<a href=\"http:\/\/marrom.pl\/index.php\/formularz-kontaktowy-dostawy-gazu-lpg\/\">formularza<\/a>\u00a0zam\u00f3wienia i poinformuj nas jakiego gazu potrzebujesz.<\/p><\/div>\t\t\t\t\t<\/div>\n\t\t\t\t\t\t<\/div>\n\t\t\t\t<\/div>\n\t\t\t\t\t\t<\/div>\n\t\t\t\t\t<\/div>\n\t\t<\/div>\n\t\t\t\t\t\t\t\t<\/div>\n\t\t\t\t\t<\/div>\n\t\t<\/section>\n\t\t\t\t\t\t\t\t\t<\/div>\n\t\t\t<\/div>\n\t\t\t\t\t<\/div>\n\t\t","protected":false},"excerpt":{"rendered":"<p>Gaz LPG \u2013 produkt wysokiej jako\u015bci, spe\u0142niaj\u0105cy wymagania normy EN-589 pochodz\u0105cy tylko ze sprawdzonych i wiarygodnych firm (\u015bwiadectwo jako\u015bci przy dostawie produktu). Dostawy\/ odbiory w procedurze zawieszonego poboru akcyzy, z&nbsp;[ &hellip; ]<\/p>\n","protected":false},"author":1,"featured_media":0,"parent":0,"menu_order":0,"comment_status":"closed","ping_status":"closed","template":"","meta":[],"_links":{"self":[{"href":"https:\/\/marrom.pl\/index.php\/wp-json\/wp\/v2\/pages\/24"}],"collection":[{"href":"https:\/\/marrom.pl\/index.php\/wp-json\/wp\/v2\/pages"}],"about":[{"href":"https:\/\/marrom.pl\/index.php\/wp-json\/wp\/v2\/types\/page"}],"author":[{"embeddable":true,"href":"https:\/\/marrom.pl\/index.php\/wp-json\/wp\/v2\/users\/1"}],"replies":[{"embeddable":true,"href":"https:\/\/marrom.pl\/index.php\/wp-json\/wp\/v2\/comments?post=24"}],"version-history":[{"count":3,"href":"https:\/\/marrom.pl\/index.php\/wp-json\/wp\/v2\/pages\/24\/revisions"}],"predecessor-version":[{"id":220,"href":"https:\/\/marrom.pl\/index.php\/wp-json\/wp\/v2\/pages\/24\/revisions\/220"}],"wp:attachment":[{"href":"https:\/\/marrom.pl\/index.php\/wp-json\/wp\/v2\/media?parent=24"}],"curies":[{"name":"wp","href":"https:\/\/api.w.org\/{rel}","templated":true}]}}